{"id":2594,"date":"2023-06-10T17:42:45","date_gmt":"2023-06-10T22:42:45","guid":{"rendered":"https:\/\/ihellow.com\/emprendedores\/?page_id=2594"},"modified":"2023-10-04T09:33:04","modified_gmt":"2023-10-04T14:33:04","slug":"vivian-morales","status":"publish","type":"page","link":"https:\/\/ihellow.com\/emprendedores\/vivian-morales\/","title":{"rendered":"Vivian Morales"},"content":{"rendered":"<style>.kb-row-layout-id2594_f7b345-6f > .kt-row-column-wrap{align-content:start;}:where(.kb-row-layout-id2594_f7b345-6f > .kt-row-column-wrap) > .wp-block-kadence-column{justify-content:start;}.kb-row-layout-id2594_f7b345-6f > .kt-row-column-wrap{column-gap:var(--global-kb-gap-md, 2rem);row-gap:var(--global-kb-gap-md, 2rem);max-width:600px;margin-left:auto;margin-right:auto;padding-top:20px;padding-right:0px;padding-bottom:200px;padding-left:0px;grid-template-columns:minmax(0, 1fr);}.kb-row-layout-id2594_f7b345-6f > .kt-row-layout-overlay{opacity:0.70;background-image:url('https:\/\/ihellow.com\/wp-content\/uploads\/2021\/04\/bg-0.png');background-size:cover;background-position:center center;background-attachment:fixed;background-repeat:no-repeat;}@media all and (max-width: 1024px), only screen and (min-device-width: 1024px) and (max-device-width: 1366px) and (-webkit-min-device-pixel-ratio: 2) and (hover: none){.kb-row-layout-id2594_f7b345-6f > .kt-row-layout-overlay{background-attachment:scroll;}}@media all and (max-width: 1024px){.kb-row-layout-id2594_f7b345-6f > .kt-row-column-wrap{padding-top:30px;padding-right:0px;padding-bottom:80px;padding-left:0px;grid-template-columns:minmax(0, 1fr);}}@media all and (max-width: 767px){.kb-row-layout-id2594_f7b345-6f > .kt-row-column-wrap{padding-top:30px;padding-right:20px;padding-bottom:50px;padding-left:20px;grid-template-columns:minmax(0, 1fr);}}<\/style><div class=\"kb-row-layout-wrap kb-row-layout-id2594_f7b345-6f aligncenter has-theme-palette3-background-color kt-row-has-bg wp-block-kadence-rowlayout\"><div class=\"kt-row-layout-overlay kt-row-overlay-normal\"><\/div><div class=\"kt-row-column-wrap kt-has-1-columns kt-row-layout-equal kt-tab-layout-inherit kt-mobile-layout-row kt-row-valign-top\">\n<style>.kadence-column2594_3e7843-b6 > .kt-inside-inner-col{display:flex;}.kadence-column2594_3e7843-b6 > .kt-inside-inner-col{padding-top:10px;padding-right:10px;padding-bottom:10px;padding-left:10px;}.kadence-column2594_3e7843-b6 > .kt-inside-inner-col,.kadence-column2594_3e7843-b6 > .kt-inside-inner-col:before{border-top-left-radius:0px;border-top-right-radius:0px;border-bottom-right-radius:0px;border-bottom-left-radius:0px;}.kadence-column2594_3e7843-b6 > .kt-inside-inner-col{column-gap:var(--global-kb-gap-sm, 1rem);}.kadence-column2594_3e7843-b6 > .kt-inside-inner-col{flex-direction:column;justify-content:flex-start;}.kadence-column2594_3e7843-b6 > .kt-inside-inner-col > .aligncenter{width:100%;}.kt-row-column-wrap > .kadence-column2594_3e7843-b6{align-self:flex-start;}.kt-inner-column-height-full:not(.kt-has-1-columns) > .wp-block-kadence-column.kadence-column2594_3e7843-b6{align-self:auto;}.kt-inner-column-height-full:not(.kt-has-1-columns) > .wp-block-kadence-column.kadence-column2594_3e7843-b6 > .kt-inside-inner-col{flex-direction:column;justify-content:flex-start;}.kadence-column2594_3e7843-b6 > .kt-inside-inner-col:before{opacity:0.3;}.kadence-column2594_3e7843-b6{text-align:center;}.kadence-column2594_3e7843-b6{position:relative;}@media all and (max-width: 1024px){.kt-row-column-wrap > .kadence-column2594_3e7843-b6{align-self:flex-start;}}@media all and (max-width: 1024px){.kt-inner-column-height-full:not(.kt-has-1-columns) > .wp-block-kadence-column.kadence-column2594_3e7843-b6{align-self:auto;}}@media all and (max-width: 1024px){.kt-inner-column-height-full:not(.kt-has-1-columns) > .wp-block-kadence-column.kadence-column2594_3e7843-b6 > .kt-inside-inner-col{flex-direction:column;justify-content:flex-start;}}@media all and (max-width: 1024px){.kadence-column2594_3e7843-b6 > .kt-inside-inner-col{flex-direction:column;justify-content:flex-start;}}@media all and (max-width: 767px){.kt-row-column-wrap > .kadence-column2594_3e7843-b6{align-self:flex-start;}.kt-inner-column-height-full:not(.kt-has-1-columns) > .wp-block-kadence-column.kadence-column2594_3e7843-b6{align-self:auto;}.kt-inner-column-height-full:not(.kt-has-1-columns) > .wp-block-kadence-column.kadence-column2594_3e7843-b6 > .kt-inside-inner-col{flex-direction:column;justify-content:flex-start;}.kadence-column2594_3e7843-b6 > .kt-inside-inner-col{flex-direction:column;justify-content:flex-start;}}<\/style>\n<div class=\"wp-block-kadence-column kadence-column2594_3e7843-b6 inner-column-1\"><div class=\"kt-inside-inner-col\"><style>.kb-image2594_df55fa-73 .kb-image-has-overlay:after{opacity:0.3;border-top-left-radius:15px;border-top-right-radius:15px;border-bottom-right-radius:15px;border-bottom-left-radius:15px;}.kb-image2594_df55fa-73 img.kb-img, .kb-image2594_df55fa-73 .kb-img img{border-top-left-radius:15px;border-top-right-radius:15px;border-bottom-right-radius:15px;border-bottom-left-radius:15px;box-shadow:0px 0px 14px 0px rgba(0, 0, 0, 0.2);filter:drop-shadow(0px 0px 14px rgba(0, 0, 0, 0.2));}<\/style>\n<div class=\"wp-block-kadence-image kb-image2594_df55fa-73\"><figure class=\"aligncenter\"><img data-recalc-dims=\"1\" loading=\"lazy\" decoding=\"async\" width=\"522\" height=\"696\" src=\"https:\/\/i0.wp.com\/ihellow.com\/emprendedores\/wp-content\/uploads\/2023\/09\/Vivian-Morales-iHellow-scaled-e1695904389826.webp?resize=522%2C696&#038;ssl=1\" alt=\"\" class=\"kb-img wp-image-3241\"\/><\/figure><\/div>\n\n\n<style>.kb-image2594_3ed456-a5:not(.kb-image-is-ratio-size) .kb-img, .kb-image2594_3ed456-a5.kb-image-is-ratio-size{padding-top:var(--global-kb-spacing-xxs, 0.5rem);padding-right:var(--global-kb-spacing-xxs, 0.5rem);padding-bottom:var(--global-kb-spacing-xxs, 0.5rem);padding-left:var(--global-kb-spacing-xxs, 0.5rem);}.kb-image2594_3ed456-a5 .kb-image-has-overlay:after{opacity:0.3;border-top-left-radius:15px;border-top-right-radius:15px;border-bottom-right-radius:15px;border-bottom-left-radius:15px;}.kb-image2594_3ed456-a5 img.kb-img, .kb-image2594_3ed456-a5 .kb-img img{border-top-left-radius:15px;border-top-right-radius:15px;border-bottom-right-radius:15px;border-bottom-left-radius:15px;box-shadow:0px 0px 14px 0px rgba(0, 0, 0, 0.2);filter:drop-shadow(0px 0px 14px rgba(0, 0, 0, 0.2));}<\/style>\n<div class=\"wp-block-kadence-image kb-image2594_3ed456-a5\"><figure class=\"aligncenter size-thumbnail\"><img data-recalc-dims=\"1\" loading=\"lazy\" decoding=\"async\" width=\"150\" height=\"150\" src=\"https:\/\/i0.wp.com\/ihellow.com\/emprendedores\/wp-content\/uploads\/2023\/06\/Logo-Vivian-Morales-iHellow-e1686437104549-150x150.webp?resize=150%2C150&#038;ssl=1\" alt=\"\" class=\"kb-img wp-image-2596\" title=\"Logo de Vivian Morales\" srcset=\"https:\/\/i0.wp.com\/ihellow.com\/emprendedores\/wp-content\/uploads\/2023\/06\/Logo-Vivian-Morales-iHellow-e1686437104549.webp?resize=150%2C150&amp;ssl=1 150w, https:\/\/i0.wp.com\/ihellow.com\/emprendedores\/wp-content\/uploads\/2023\/06\/Logo-Vivian-Morales-iHellow-e1686437104549.webp?resize=300%2C300&amp;ssl=1 300w, https:\/\/i0.wp.com\/ihellow.com\/emprendedores\/wp-content\/uploads\/2023\/06\/Logo-Vivian-Morales-iHellow-e1686437104549.webp?w=350&amp;ssl=1 350w\" sizes=\"auto, (max-width: 150px) 100vw, 150px\" \/><\/figure><\/div>\n\n\n\n<figure class=\"wp-block-embed is-type-video is-provider-youtube wp-block-embed-youtube wp-embed-aspect-1-2 wp-has-aspect-ratio\"><div class=\"wp-block-embed__wrapper\">\n<iframe loading=\"lazy\" title=\"Tengo todas las opciones seg\u00fan tu necesidad! Aprobaci\u00f3n garantizada s\u00f3lo con tu pasaporte!\" width=\"720\" height=\"405\" src=\"https:\/\/www.youtube.com\/embed\/TF61krmO3Ys?feature=oembed\" frameborder=\"0\" allow=\"accelerometer; autoplay; clipboard-write; encrypted-media; gyroscope; picture-in-picture; web-share\" allowfullscreen><\/iframe>\n<\/div><\/figure>\n\n\n<style>.wp-block-kadence-advancedheading.kt-adv-heading2594_1fe349-b2, .wp-block-kadence-advancedheading.kt-adv-heading2594_1fe349-b2[data-kb-block=\"kb-adv-heading2594_1fe349-b2\"]{text-align:center;line-height:2em;font-weight:400;font-style:normal;font-family:'Akaya Kanadaka';}.wp-block-kadence-advancedheading.kt-adv-heading2594_1fe349-b2 mark.kt-highlight, .wp-block-kadence-advancedheading.kt-adv-heading2594_1fe349-b2[data-kb-block=\"kb-adv-heading2594_1fe349-b2\"] mark.kt-highlight{font-style:normal;color:#f76a0c;-webkit-box-decoration-break:clone;box-decoration-break:clone;padding-top:0px;padding-right:0px;padding-bottom:0px;padding-left:0px;}.wp-block-kadence-advancedheading.kt-adv-heading2594_1fe349-b2 img.kb-inline-image, .wp-block-kadence-advancedheading.kt-adv-heading2594_1fe349-b2[data-kb-block=\"kb-adv-heading2594_1fe349-b2\"] img.kb-inline-image{width:150px;vertical-align:baseline;}@media all and (max-width: 1024px){.wp-block-kadence-advancedheading.kt-adv-heading2594_1fe349-b2, .wp-block-kadence-advancedheading.kt-adv-heading2594_1fe349-b2[data-kb-block=\"kb-adv-heading2594_1fe349-b2\"]{margin-bottom:17.5px;}}@media all and (max-width: 767px){.wp-block-kadence-advancedheading.kt-adv-heading2594_1fe349-b2, .wp-block-kadence-advancedheading.kt-adv-heading2594_1fe349-b2[data-kb-block=\"kb-adv-heading2594_1fe349-b2\"]{margin-top:0px;margin-right:0px;margin-bottom:0px;margin-left:0px;}}<\/style>\n<h1 class=\"kt-adv-heading2594_1fe349-b2 wp-block-kadence-advancedheading has-theme-palette-7-color has-text-color\" data-kb-block=\"kb-adv-heading2594_1fe349-b2\">Vivian Morales<\/h1>\n\n\n<style>.wp-block-kadence-advancedbtn.kb-btns2594_46a99a-e9{gap:var(--global-kb-gap-xs, 0.5rem );justify-content:center;align-items:center;}.kt-btns2594_46a99a-e9 .kt-button{font-weight:normal;font-style:normal;}<\/style>\n<div class=\"wp-block-kadence-advancedbtn kb-buttons-wrap kb-btns2594_46a99a-e9\"><style>ul.menu .wp-block-kadence-advancedbtn .kb-btn2594_4fb48d-81.kb-button{width:initial;}.wp-block-kadence-advancedbtn .kb-btn2594_4fb48d-81.kb-button{background:linear-gradient(120deg,rgb(255,100,147) 0%,rgba(211,78,229,0.98) 100%) !important;border-top-left-radius:10px;border-top-right-radius:10px;border-bottom-right-radius:10px;border-bottom-left-radius:10px;}<\/style><a class=\"kb-button kt-button button kb-btn2594_4fb48d-81 kt-btn-size-standard kt-btn-width-type-auto kb-btn-global-fill  kt-btn-has-text-true kt-btn-has-svg-true  wp-block-kadence-singlebtn\" href=\"https:\/\/api.whatsapp.com\/send?phone=17544221760&#038;text=Hola,%20Vivian%20me%20interesa%20comprar%20mi%20carro\" target=\"_blank\" rel=\"noreferrer noopener\"><span class=\"kb-svg-icon-wrap kb-svg-icon-fa_whatsapp kt-btn-icon-side-left\"><svg viewBox=\"0 0 448 512\"  fill=\"currentColor\" xmlns=\"http:\/\/www.w3.org\/2000\/svg\"  aria-hidden=\"true\"><path d=\"M380.9 97.1C339 55.1 283.2 32 223.9 32c-122.4 0-222 99.6-222 222 0 39.1 10.2 77.3 29.6 111L0 480l117.7-30.9c32.4 17.7 68.9 27 106.1 27h.1c122.3 0 224.1-99.6 224.1-222 0-59.3-25.2-115-67.1-157zm-157 341.6c-33.2 0-65.7-8.9-94-25.7l-6.7-4-69.8 18.3L72 359.2l-4.4-7c-18.5-29.4-28.2-63.3-28.2-98.2 0-101.7 82.8-184.5 184.6-184.5 49.3 0 95.6 19.2 130.4 54.1 34.8 34.9 56.2 81.2 56.1 130.5 0 101.8-84.9 184.6-186.6 184.6zm101.2-138.2c-5.5-2.8-32.8-16.2-37.9-18-5.1-1.9-8.8-2.8-12.5 2.8-3.7 5.6-14.3 18-17.6 21.8-3.2 3.7-6.5 4.2-12 1.4-32.6-16.3-54-29.1-75.5-66-5.7-9.8 5.7-9.1 16.3-30.3 1.8-3.7.9-6.9-.5-9.7-1.4-2.8-12.5-30.1-17.1-41.2-4.5-10.8-9.1-9.3-12.5-9.5-3.2-.2-6.9-.2-10.6-.2-3.7 0-9.7 1.4-14.8 6.9-5.1 5.6-19.4 19-19.4 46.3 0 27.3 19.9 53.7 22.6 57.4 2.8 3.7 39.1 59.7 94.8 83.8 35.2 15.2 49 16.5 66.6 13.9 10.7-1.6 32.8-13.4 37.4-26.4 4.6-13 4.6-24.1 3.2-26.4-1.3-2.5-5-3.9-10.5-6.6z\"\/><\/svg><\/span><span class=\"kt-btn-inner-text\">Whatsapp<\/span><\/a><\/div>\n\n\n<style>.wp-block-kadence-advancedbtn.kb-btns2594_25042d-1c{gap:var(--global-kb-gap-xs, 0.5rem );justify-content:center;align-items:center;}.kt-btns2594_25042d-1c .kt-button{font-weight:normal;font-style:normal;}<\/style>\n<div class=\"wp-block-kadence-advancedbtn kb-buttons-wrap kb-btns2594_25042d-1c\"><style>ul.menu .wp-block-kadence-advancedbtn .kb-btn2594_992c20-4b.kb-button{width:initial;}.wp-block-kadence-advancedbtn .kb-btn2594_992c20-4b.kb-button{color:var(--global-palette3, #1A202C);background:linear-gradient(120deg,rgb(255,100,147) 0%,rgba(211,78,229,0.98) 100%) !important;border-top-left-radius:10px;border-top-right-radius:10px;border-bottom-right-radius:10px;border-bottom-left-radius:10px;}<\/style><a class=\"kb-button kt-button button kb-btn2594_992c20-4b kt-btn-size-standard kt-btn-width-type-auto kb-btn-global-fill  kt-btn-has-text-true kt-btn-has-svg-true  wp-block-kadence-singlebtn\" href=\"https:\/\/ihellow.com\/wp-content\/uploads\/2023\/07\/Vivian-Morales.vcf\"><span class=\"kb-svg-icon-wrap kb-svg-icon-fe_save kt-btn-icon-side-left\"><svg viewBox=\"0 0 24 24\"  fill=\"none\" stroke=\"currentColor\" stroke-width=\"2\" stroke-linecap=\"round\" stroke-linejoin=\"round\" xmlns=\"http:\/\/www.w3.org\/2000\/svg\"  aria-hidden=\"true\"><path d=\"M19 21H5a2 2 0 0 1-2-2V5a2 2 0 0 1 2-2h11l5 5v11a2 2 0 0 1-2 2z\"\/><polyline points=\"17 21 17 13 7 13 7 21\"\/><polyline points=\"7 3 7 8 15 8\"\/><\/svg><\/span><span class=\"kt-btn-inner-text\">Guardar Contacto<\/span><\/a><\/div>\n\n\n<style>.wp-block-kadence-advancedbtn.kb-btns2594_97cf21-23{gap:var(--global-kb-gap-xs, 0.5rem );justify-content:center;align-items:center;}.kt-btns2594_97cf21-23 .kt-button{font-weight:normal;font-style:normal;}<\/style>\n<div class=\"wp-block-kadence-advancedbtn kb-buttons-wrap kb-btns2594_97cf21-23\"><style>ul.menu .wp-block-kadence-advancedbtn .kb-btn2594_539429-73.kb-button{width:initial;}.wp-block-kadence-advancedbtn .kb-btn2594_539429-73.kb-button{color:var(--global-palette3, #1A202C);background:linear-gradient(120deg,rgb(255,100,147) 0%,rgba(211,78,229,0.98) 100%) !important;border-top-left-radius:10px;border-top-right-radius:10px;border-bottom-right-radius:10px;border-bottom-left-radius:10px;}<\/style><a class=\"kb-button kt-button button kb-btn2594_539429-73 kt-btn-size-standard kt-btn-width-type-auto kb-btn-global-fill  kt-btn-has-text-true kt-btn-has-svg-true  wp-block-kadence-singlebtn\" href=\"https:\/\/www.instagram.com\/vivianmorales.cars\/\" target=\"_blank\" rel=\"noreferrer noopener\"><span class=\"kb-svg-icon-wrap kb-svg-icon-fe_instagram kt-btn-icon-side-left\"><svg viewBox=\"0 0 24 24\"  fill=\"none\" stroke=\"currentColor\" stroke-width=\"2\" stroke-linecap=\"round\" stroke-linejoin=\"round\" xmlns=\"http:\/\/www.w3.org\/2000\/svg\"  aria-hidden=\"true\"><rect x=\"2\" y=\"2\" width=\"20\" height=\"20\" rx=\"5\" ry=\"5\"\/><path d=\"M16 11.37A4 4 0 1 1 12.63 8 4 4 0 0 1 16 11.37z\"\/><line x1=\"17.5\" y1=\"6.5\" x2=\"17.5\" y2=\"6.5\"\/><\/svg><\/span><span class=\"kt-btn-inner-text\">Compra tu carro<\/span><\/a><\/div>\n\n\n<style>.wp-block-kadence-advancedbtn.kb-btns2594_4c12a0-75{gap:var(--global-kb-gap-xs, 0.5rem );justify-content:center;align-items:center;}.kt-btns2594_4c12a0-75 .kt-button{font-weight:normal;font-style:normal;}<\/style>\n<div class=\"wp-block-kadence-advancedbtn kb-buttons-wrap kb-btns2594_4c12a0-75\"><style>ul.menu .wp-block-kadence-advancedbtn .kb-btn2594_7de3ce-3b.kb-button{width:initial;}.wp-block-kadence-advancedbtn .kb-btn2594_7de3ce-3b.kb-button{color:var(--global-palette3, #1A202C);background:linear-gradient(120deg,rgb(255,100,147) 0%,rgba(211,78,229,0.98) 100%) !important;border-top-left-radius:10px;border-top-right-radius:10px;border-bottom-right-radius:10px;border-bottom-left-radius:10px;}<\/style><a class=\"kb-button kt-button button kb-btn2594_7de3ce-3b kt-btn-size-standard kt-btn-width-type-auto kb-btn-global-fill  kt-btn-has-text-true kt-btn-has-svg-true  wp-block-kadence-singlebtn\" href=\"https:\/\/api.whatsapp.com\/send?phone=17544221760&#038;text=Hola%20Vivian,%20me%20interesa%conocer%20el%20cat\u00e1logo%20disponible\" target=\"_blank\" rel=\"noreferrer noopener\"><span class=\"kb-svg-icon-wrap kb-svg-icon-fa_whatsapp-square kt-btn-icon-side-left\"><svg viewBox=\"0 0 448 512\"  fill=\"currentColor\" xmlns=\"http:\/\/www.w3.org\/2000\/svg\"  aria-hidden=\"true\"><path d=\"M224 122.8c-72.7 0-131.8 59.1-131.9 131.8 0 24.9 7 49.2 20.2 70.1l3.1 5-13.3 48.6 49.9-13.1 4.8 2.9c20.2 12 43.4 18.4 67.1 18.4h.1c72.6 0 133.3-59.1 133.3-131.8 0-35.2-15.2-68.3-40.1-93.2-25-25-58-38.7-93.2-38.7zm77.5 188.4c-3.3 9.3-19.1 17.7-26.7 18.8-12.6 1.9-22.4.9-47.5-9.9-39.7-17.2-65.7-57.2-67.7-59.8-2-2.6-16.2-21.5-16.2-41s10.2-29.1 13.9-33.1c3.6-4 7.9-5 10.6-5 2.6 0 5.3 0 7.6.1 2.4.1 5.7-.9 8.9 6.8 3.3 7.9 11.2 27.4 12.2 29.4s1.7 4.3.3 6.9c-7.6 15.2-15.7 14.6-11.6 21.6 15.3 26.3 30.6 35.4 53.9 47.1 4 2 6.3 1.7 8.6-1 2.3-2.6 9.9-11.6 12.5-15.5 2.6-4 5.3-3.3 8.9-2 3.6 1.3 23.1 10.9 27.1 12.9s6.6 3 7.6 4.6c.9 1.9.9 9.9-2.4 19.1zM400 32H48C21.5 32 0 53.5 0 80v352c0 26.5 21.5 48 48 48h352c26.5 0 48-21.5 48-48V80c0-26.5-21.5-48-48-48zM223.9 413.2c-26.6 0-52.7-6.7-75.8-19.3L64 416l22.5-82.2c-13.9-24-21.2-51.3-21.2-79.3C65.4 167.1 136.5 96 223.9 96c42.4 0 82.2 16.5 112.2 46.5 29.9 30 47.9 69.8 47.9 112.2 0 87.4-72.7 158.5-160.1 158.5z\"\/><\/svg><\/span><span class=\"kt-btn-inner-text\">Pregunta por el Cat\u00e1logo<\/span><\/a><\/div>\n\n\n<style>.wp-block-kadence-advancedbtn.kb-btns2594_3f54c4-33{gap:var(--global-kb-gap-xs, 0.5rem );justify-content:center;align-items:center;}.kt-btns2594_3f54c4-33 .kt-button{font-weight:normal;font-style:normal;}<\/style>\n<div class=\"wp-block-kadence-advancedbtn kb-buttons-wrap kb-btns2594_3f54c4-33\"><style>ul.menu .wp-block-kadence-advancedbtn .kb-btn2594_f60209-9c.kb-button{width:initial;}.wp-block-kadence-advancedbtn .kb-btn2594_f60209-9c.kb-button{color:var(--global-palette3, #1A202C);background:linear-gradient(120deg,rgb(255,100,147) 0%,rgba(211,78,229,0.98) 100%) !important;border-top-left-radius:10px;border-top-right-radius:10px;border-bottom-right-radius:10px;border-bottom-left-radius:10px;}<\/style><a class=\"kb-button kt-button button kb-btn2594_f60209-9c kt-btn-size-standard kt-btn-width-type-auto kb-btn-global-fill  kt-btn-has-text-true kt-btn-has-svg-true  wp-block-kadence-singlebtn\" href=\"https:\/\/www.instagram.com\/vivianmoralesb\/\" target=\"_blank\" rel=\"noreferrer noopener\"><span class=\"kb-svg-icon-wrap kb-svg-icon-fe_instagram kt-btn-icon-side-left\"><svg viewBox=\"0 0 24 24\"  fill=\"none\" stroke=\"currentColor\" stroke-width=\"2\" stroke-linecap=\"round\" stroke-linejoin=\"round\" xmlns=\"http:\/\/www.w3.org\/2000\/svg\"  aria-hidden=\"true\"><rect x=\"2\" y=\"2\" width=\"20\" height=\"20\" rx=\"5\" ry=\"5\"\/><path d=\"M16 11.37A4 4 0 1 1 12.63 8 4 4 0 0 1 16 11.37z\"\/><line x1=\"17.5\" y1=\"6.5\" x2=\"17.5\" y2=\"6.5\"\/><\/svg><\/span><span class=\"kt-btn-inner-text\">@vivianmoralesb<\/span><\/a><\/div>\n\n\n\n<div style=\"height:30px\" aria-hidden=\"true\" class=\"wp-block-spacer\"><\/div>\n<\/div><\/div>\n\n<\/div><\/div>","protected":false},"excerpt":{"rendered":"<p>Vivian Morales<\/p>\n","protected":false},"author":3,"featured_media":3241,"parent":0,"menu_order":0,"comment_status":"closed","ping_status":"closed","template":"","meta":{"content-type":"","_kadence_starter_templates_imported_post":true,"_kad_post_transparent":"default","_kad_post_title":"hide","_kad_post_layout":"fullwidth","_kad_post_sidebar_id":"","_kad_post_content_style":"unboxed","_kad_post_vertical_padding":"hide","_kad_post_feature":"","_kad_post_feature_position":"","_kad_post_header":true,"_kad_post_footer":false,"footnotes":""},"class_list":["post-2594","page","type-page","status-publish","has-post-thumbnail","hentry"],"jetpack_sharing_enabled":true,"_links":{"self":[{"href":"https:\/\/ihellow.com\/emprendedores\/wp-json\/wp\/v2\/pages\/2594","targetHints":{"allow":["GET"]}}],"collection":[{"href":"https:\/\/ihellow.com\/emprendedores\/wp-json\/wp\/v2\/pages"}],"about":[{"href":"https:\/\/ihellow.com\/emprendedores\/wp-json\/wp\/v2\/types\/page"}],"author":[{"embeddable":true,"href":"https:\/\/ihellow.com\/emprendedores\/wp-json\/wp\/v2\/users\/3"}],"replies":[{"embeddable":true,"href":"https:\/\/ihellow.com\/emprendedores\/wp-json\/wp\/v2\/comments?post=2594"}],"version-history":[{"count":22,"href":"https:\/\/ihellow.com\/emprendedores\/wp-json\/wp\/v2\/pages\/2594\/revisions"}],"predecessor-version":[{"id":3316,"href":"https:\/\/ihellow.com\/emprendedores\/wp-json\/wp\/v2\/pages\/2594\/revisions\/3316"}],"wp:featuredmedia":[{"embeddable":true,"href":"https:\/\/ihellow.com\/emprendedores\/wp-json\/wp\/v2\/media\/3241"}],"wp:attachment":[{"href":"https:\/\/ihellow.com\/emprendedores\/wp-json\/wp\/v2\/media?parent=2594"}],"curies":[{"name":"wp","href":"https:\/\/api.w.org\/{rel}","templated":true}]}}